453
Convert -3203 (base 6) to base 11.
-5a8
What is 11 (base 12) in base 10?
13
What is 8222 (base 11) in base 16?
2aa2
674 (base 13) to base 4
101111
62e5 (base 15) to base 6
240455
What is -145 (base 16) in base 4?
-11011
20231102 (base 4) to base 8
105522
What is 13230 (base 7) in base 4?
313131
-1138 (base 9) to base 16
-34d
What is 49d (base 16) in base 9?
1552
What is 381a (base 15) in base 11?
8a84
What is 1020 (base 6) in base 4?
3210
Convert -3ed (base 15) to base 2.
-1110000010
What is 637 (base 12) in base 9?
1217
Convert 243 (base 12) to base 3.
110120
What is -1102001 (base 3) in base 5?
-13102
-12847 (base 9) to base 8
-21006
What is -456 (base 10) in base 2?
-111001000
Convert -56 (base 15) to base 12.
-69
What is 1226 (base 10) in base 2?
10011001010
-471 (base 11) to base 13
-343
What is 710 (base 9) in base 8?
1100
What is 301402 (base 5) in base 6?
112242
Convert 443530 (base 6) to base 3.
1212221100
Convert 6612 (base 9) to base 13.
22a9
Convert 136 (base 15) to base 10.
276
1042040 (base 5) to base 7
104426
Convert -452 (base 13) to base 11.
-616
Convert 10742 (base 8) to base 3.
20021120
Convert -6853 (base 9) to base 4.
-1033032
What is -1292 (base 12) in base 2?
-100001001110
-213 (base 11) to base 13
-169
-2212 (base 10) to base 16
-8a4
What is -743 (base 8) in base 6?
-2123
-11001000111 (base 2) to base 9
-2175
-6282 (base 14) to base 8
-41112
1241 (base 8) to base 9
827
Convert -2023212 (base 4) to base 10.
-8934
Convert -6b94 (base 15) to base 4.
-11211100
131200 (base 4) to base 15
85d
Convert -6240 (base 8) to base 14.
-126c
Convert 102 (base 11) to base 2.
1111011
What is -101603 (base 8) in base 2?
-1000001110000011
-2112212 (base 3) to base 4
-131003
-94 (base 13) to base 4
-1321
38301 (base 11) to base 7
316106
What is -f77 (base 16) in base 14?
-162b
What is -3ee (base 15) in base 4?
-32003
-4004 (base 10) to base 9
-5438
What is 6a (base 15) in base 16?
64
Convert 858a (base 16) to base 5.
2043221
Convert -4601 (base 8) to base 14.
-c5b
Convert a8bb (base 12) to base 14.
6aab
26 (base 16) to base 13
2c
Convert 5057 (base 10) to base 11.
3888
What is -2322 (base 4) in base 14?
-d4
-2120010 (base 3) to base 4
-131022
What is 23852 (base 9) in base 12?
9318
Convert b373 (base 12) to base 8.
46107
What is 946 (base 11) in base 15?
50e
What is 310 (base 6) in base 13?
8a
-705 (base 10) to base 6
-3133
1653 (base 9) to base 6
5503
Convert -6700 (base 8) to base 7.
-13156
1120 (base 7) to base 13
253
Convert 1403 (base 5) to base 15.
103
1845 (base 10) to base 4
130311
Convert 6300 (base 7) to base 12.
1339
-85368 (base 9) to base 12
-287b2
-a471 (base 16) to base 13
-16213
Convert -28044 (base 11) to base 8.
-116052
-151 (base 12) to base 8
-315
What is -3b2 (base 12) in base 7?
-1436
-100101110100110 (base 2) to base 6
-225354
What is -39a (base 14) in base 16?
-2d4
Convert -50112 (base 6) to base 8.
-14574
What is 26700 (base 9) in base 10?
18063
-3361 (base 8) to base 14
-90d
-1842 (base 9) to base 16
-587
What is -1163 (base 12) in base 8?
-3633
55840 (base 10) to base 11
38a54
What is 2611 (base 7) in base 2?
1111011100
Convert 3c0 (base 14) to base 15.
356
What is -172 (base 9) in base 6?
-402
1594 (base 11) to base 14
a59
What is -35a1 (base 16) in base 5?
-414404
-1111010011 (base 2) to base 3
-1100021
-10011 (base 3) to base 11
-78
Convert 10032 (base 4) to base 13.
17a
What is -12661 (base 7) in base 5?
-102144
1132223 (base 4) to base 9
8272
What is -182 (base 15) in base 16?
-15b
-1421 (base 5) to base 2
-11101100
What is 10000110 (base 2) in base 15?
8e
313144 (base 5) to base 15
314e
476 (base 10) to base 9
578
725 (base 8) to base 13
2a1
100011011001001 (base 2) to base 7
103555
1456 (base 7) to base 11
488
-7aa7 (base 16) to base 6
-401211
What is -3ca (base 14) in base 8?
-1376
Convert -207 (base 15) to base 6.
-2041
-1787 (base 13) to base 5
-102431
What is -1011001000011 (base 2) in base 6?
-42215
Convert 24440 (base 5) to base 14.
978
What is -52689 (base 10) in base 12?
-265a9
What is -8b7 (base 15) in base 12?
-1184
-34100 (base 6) to base 3
-20120100
What is 35b5 (base 15) in base 2?
10110010011100
-6053 (base 13) to base 14
-4b86
Convert 971 (base 12) to base 10.
1381
325f (base 16) to base 3
122200121
10010101000111010 (base 2) to base 6
1345242
-9504 (base 10) to base 9
-14030
What is -7616 (base 8) in base 9?
-5414
What is 1203552 (base 6) in base 2?
1111011001011100
What is 12756 (base 12) in base 16?
62b2
-313132 (base 5) to base 6
-120121
81 (base 12) to base 5
342
What is a61 (base 11) in base 13?
773
246 (base 7) to base 5
1012
-11110011011 (base 2) to base 12
-1163
Convert 748 (base 13) to base 16.
4db
What is 30b (base 14) in base 4?
21113
Convert 13023130 (base 4) to base 7.
151504
Convert -122144 (base 6) to base 2.
-10101001110000
Convert -1643 (base 7) to base 3.
-220202
Convert 1183 (base 10) to base 15.
53d
What is -222050 (base 7) in base 4?
-21203201
Convert 243 (base 16) to base 3.
210110
Convert 247 (base 10) to base 4.
3313
What is 1817 (base 11) in base 13?
1093
What is -553 (base 6) in base 4?
-3111
-230232 (base 6) to base 15
-5bc2
-74 (base 15) to base 5
-414
Convert 74540 (base 8) to base 3.
1120121211
Convert 58 (base 15) to base 8.
123
What is 282 (base 16) in base 12?
456
What is 1438 (base 10) in base 9?
1867
Convert 741 (base 10) to base 11.
614
Convert 11210 (base 6) to base 13.
954
Convert -631 (base 10) to base 11.
-524
-1000011001110 (base 2) to base 4
-1003032
What is 150660 (base 7) in base 11?
1a999
Convert 2112 (base 4) to base 14.
aa
-613 (base 8) to base 12
-28b
-70726 (base 9) to base 15
-dbb3
Convert 1706 (base 8) to base 4.
33012
-230121 (base 5) to base 6
-101441
Convert 2255 (base 7) to base 6.
3452
Convert 396 (base 16) to base 2.
1110010110
11111112 (base 4) to base 5
1144341
What is -548 (base 9) in base 11?
-379
Convert 281 (base 15) to base 13.
34c
-17197 (base 12) to base 11
-22953
Convert -378 (base 14) to base 11.
-581
What is -285a (base 11) in base 4?
-321233
Convert -100773 (base 8) to base 15.
-9cd5
Convert 110 (base 12) to base 14.
b2
What is -1554 (base 7) in base 15?
-2bc
Convert 7e (base 15) to base 10.
119
What is 5864 (base 14) in base 11?
10609
8a (base 13) to base 12
96
What is a78 (base 11) in base 2?
10100001111
Convert 65 (base 16) to base 3.
10202
51737 (base 8) to base 3
1002110020
-86 (base 14) to base 15
-7d
Convert 42252 (base 6) to base 15.
1a65
Convert 589 (base 14) to base 16.
44d
What is 2043 (base 6) in base 14?
24b
-ac07 (base 13) to base 16
-5dc5
What is -1600 (base 10) in base 8?
-3100
What is -255 (base 14) in base 7?
-1235
1875 (base 10) to base 11
1455
-322 (base 5) to base 15
-5c
Convert 1513 (base 7) to base 6.
2434
What is -71b (base 16) in base 2?
-11100011011
1574 (base 8) to base 9
1201
What is 155666 (base 7) in base 6?
354525
What is 443 (base 9) in base 14?
1bd
What is -1115 (base 6) in base 11?
-21a
What is -7333 (base 10) in base 7?
-30244
What is -10122112 (base 3) in base 13?
-1298
Convert -2ea1 (base 15) to base 2.
-10011101000011
-110327 (base 8) to base 9
-55768
What is 1b23 (base 16) in base 5?
210242
-ba (base 14) to base 8
-244
Convert -314 (base 5) to base 16.
-54
e20 (base 15) to base 2
110001101100
What is 11343 (base 5) in base 14?
448
Convert 5111 (base 6) to base 14.
5a3
Convert 1221 (base 7) to base 16.
1c8
-67d8 (base 16) to base 4
-12133120
What is -12 (base 5) in base 3?
-21
Convert -7722 (base 10) to base 13.
-3690
What is 2510 (base 12) in base 9?
5663
-14615 (base 8) to base 2
-1100110001101
What is 3322123 (base 4) in base 11?
11050
Convert 2746 (base 14) to base 2.
1101100001010
-12541 (base 7) to base 11
-2586
-2b63 (base 16) to base 11
-8388
-100111010 (base 2) to base 9
-378
Convert 21201 (base 3) to base 9.
251
203223 (base 4) to base 11
1796
-104 (base 6) to base 12
-34
Convert -11011000010 (base 2) to base 15.
-7a5
-10211111 (base 3) to base 5
-42134
What is 1254 (base 6) in base 8?
502
-102210102 (base 3) to base 16
-2195
110000000011101 (base 2) to base 15
7455
-5065 (base 11) to base 15
-1ed6
22303 (base 5) to base 9
2143
What is -790b (base 12) in base 3?
-200101102
174 (base 14) to base 8
452
What is 188a2 (base 11) in base 6?
322025
273 (base 14) to base 6
